7
Suppose 92*i + 497 + 1803 = 0. Let n be ((-6)/9)/((-2)/(-6)). What are the prime factors of (n - (-70)/i)*-5?
2, 3
Let j = 34 - 34. Suppose 8*p - 3*p - 1130 = j. What are the prime factors of p?
2, 113
Let o(l) = 9*l**2 + 19*l + 111. What are the prime factors of o(12)?
3, 5, 109
Let d(b) = 11*b**2 - 2*b + 32. Let t be d(12). Suppose -138*l + 134*l = -t. List the prime factors of l.
2, 199
Let u = -19956 - -35039. List the prime factors of u.
15083
Let j = 5732 - -2085. What are the prime factors of j?
7817
Let z(p) = p**2 - 4*p. Let j be z(5). What are the prime factors of (-1)/j - (-5 + (-3726)/30)?
3, 43
Let s(n) = n**3 - 18*n**2 + 15*n - 20. Let q be 12/36 + (-106)/(-6). What are the prime factors of s(q)?
2, 5
Suppose -3*u - a = -133047, -6*u + 266070 = -234*a + 232*a. List the prime factors of u.
61, 727
Let d(u) = -u + 19. Let g be d(27). What are the prime factors of ((g/(-12))/2)/((-2)/(-1578))?
263
Let t be 10/(-15) - (-1522)/6. Let u = 435 - t. What are the prime factors of u?
2, 7, 13
Let m(s) = 30*s + 36 + 17 - 25*s + 16*s**2 - 20*s. What are the prime factors of m(5)?
2, 3, 7
Suppose -1653 = -a + 882. Suppose 85*n + a = 90*n. What are the prime factors of n?
3, 13
Let c(f) = -97*f**2 - 12*f + 6. Let y be c(-4). Let m = -785 - y. List the prime factors of m.
23, 31
Suppose 581222 = -161*i + 2323081. What are the prime factors of i?
31, 349
Suppose 2*x = 16102 + 4508. List the prime factors of x.
3, 5, 229
Let n = 51 + -96. Let a be (-13)/26 - (0 - (-282)/4). Let q = n - a. List the prime factors of q.
2, 13
Suppose 6*x - 2 = 4. Let j be x*(2 + -185 + 0). Let u = j + 356. What are the prime factors of u?
173
Let o(m) = -m**3 - 8*m**2 + 5*m + 31. Let x be o(-9). Suppose -68 = -2*t + 2*y, 2*t = 4*t - 3*y - x. List the prime factors of t.
5, 7
Let f(z) = -103*z + 1151. What are the prime factors of f(5)?
2, 3, 53
Let t(p) = p**3 - 41*p**2 + 355*p - 29. List the prime factors of t(32).
3, 5, 47
Let q(r) be the third derivative of -3*r**4/8 + 13*r**3/6 - r**2. Let k = -8620 + 8614. What are the prime factors of q(k)?
67
Suppose 10*t + 6*t + 14*t = 1249350. What are the prime factors of t?
5, 8329
Suppose -27*g + 57255 = 6*g. List the prime factors of g.
5, 347
Let d be 14440/(-19) + 1/1. Let q = d - -1844. Suppose 8 + 12 = -4*l, 0 = -5*w - 2*l + q. List the prime factors of w.
3, 73
Suppose -2*i + u = 6*u - 7, -8 = -5*i - 3*u. List the prime factors of (-9)/(-6) - i/(-2) - -700.
2, 3, 13
Let g = -3669 + 21132. List the prime factors of g.
3, 5821
Suppose -6*p + 59740 = -19160. List the prime factors of p.
2, 5, 263
Let z(w) = -62*w + 82. Let v be z(19). Let d = -156 - v. What are the prime factors of d?
2, 5, 47
Suppose -4*r - i + 34 = 0, 5*i = r + 5 - 3. Let j be (-8)/2 + 8 - r. List the prime factors of 2015/45 + j/(-18).
3, 5
Suppose -639*d + 1338 = -636*d. What are the prime factors of d?
2, 223
Suppose -11*a + 3261 = -4813. Suppose -5*q + 25 = 0, -3*h = -5*q + 102 - a. Suppose -2*j + 2*s + 249 = 3*j, -h = -4*j - 5*s. List the prime factors of j.
3, 17
Let a be 4 - 1 - (8 + -7). Suppose -a*z - 23 = -1. List the prime factors of (z - -1)*(5 + (-105)/14).
5
Let h = -297 - -175. Let v = h + 129. List the prime factors of v.
7
Let b(h) = 216*h - 863. What are the prime factors of b(23)?
5, 821
Let j = -33881 + 51986. What are the prime factors of j?
3, 5, 17, 71
Let p = 2014 - -130. What are the prime factors of p?
2, 67
Suppose -47041 = -18*s - 3*r + 587726, 2*s - 70503 = 5*r. What are the prime factors of s?
2, 19, 29
Let a(k) = 11*k**3 - 2*k + 1. Let j be a(3). Let f be 16/(-24) + j/6 + 0. Let y = 51 - f. What are the prime factors of y?
3
Let p be 8/(-36) - (-1894)/18. Suppose -9 = -3*f - 3*n, -9*f = -4*f + 2*n - 21. List the prime factors of ((-36)/f)/(-3 - (-309)/p).
2, 3, 7
Suppose 0 = -2*g + 17322 - 2904. What are the prime factors of g?
3, 89
Let j(v) = v**3 + 4*v**2 - 4*v + 8. Let u be (36/(-15))/((-15)/(-100)). Let h = u + 21. List the prime factors of j(h).
3, 71
Let s be 4*(-7574)/(-21)*3. What are the prime factors of (-3)/(-9) + (s/12)/1?
19
Let u = -35 - -167. Let f(z) = z - 114 + u + 2*z. List the prime factors of f(16).
2, 3, 11
Let w(d) = -1479*d + 671. List the prime factors of w(-4).
7, 941
Let z = 69598 - 35383. What are the prime factors of z?
3, 5, 2281
Suppose 4*x = 1006 + 190. Suppose 14*m - 7187 = -x. List the prime factors of m.
2, 3, 41
Let k = 63494 + -26132. List the prime factors of k.
2, 3, 13, 479
Let b(j) be the first derivative of -9*j**4/4 - 7*j**3/3 - j**2/2 + 8*j + 185. List the prime factors of b(-6).
2, 853
Let n(q) = q**3 - 19*q**2 - 28*q + 111. Let h be n(19). Let o = h + 2057. What are the prime factors of o?
2, 409
Let h = 336 - 316. Let y(q) = 14*q + 267. What are the prime factors of y(h)?
547
Let s(i) = i**2 + 4*i + 3. Let x be s(-4). Let j(q) = 5*q**3 - 6*q**2 + 7*q - 6. List the prime factors of j(x).
2, 3
Let f(d) = d**3 + 11*d**2 - 25*d + 16. Let r be f(-13). Suppose 4*l + l + o - 3452 = 0, -4*o - 2062 = -r*l. What are the prime factors of l?
2, 3, 5, 23
Let l(w) = 1232*w - 24. Let j be l(1). Let f = j - 466. What are the prime factors of f?
2, 7, 53
Let f = 5667 + -1341. What are the prime factors of f?
2, 3, 7, 103
Let w be (-5369)/(-21) + 2/(-3). Suppose 5*c + 30*f - w = 28*f, -78 = -c + 5*f. What are the prime factors of c?
53
Suppose -2*c = -2*a + 10 + 38, 2*c = 4. Let w = 31 - a. List the prime factors of (-141)/(-5) + -2 + (-1)/w.
2, 13
Let l(y) = 65*y - 65. Let k = -76 + 89. Let g be l(k). Suppose -g = -7*f + f. What are the prime factors of f?
2, 5, 13
Let r(t) = -3*t - 4. Let y be r(-2). Let c be ((-5)/20)/(y/(-8)). Let j(z) = 14*z - 2. List the prime factors of j(c).
2, 3
Let t(i) = 8*i**2 - 43*i + 272. List the prime factors of t(-60).
2, 41, 193
Suppose 21*w + 405 = 1728. What are the prime factors of 12/21 - 3/(w/(-19518))?
2, 3, 5, 31
Let j = 342 + -363. Let c(v) = -v**3 - 21*v**2 - 15*v + 28. What are the prime factors of c(j)?
7
Let n = 139 - 134. Suppose n*t + 69 - 289 = 0. List the prime factors of t.
2, 11
Let u be ((-10)/(-4) + -1)*4/6. Suppose -4*h - 12 = 0, a - 2*h + u = 7. Suppose -5*s - r + 1057 = a, -4*s - 5*r = 19 - 873. List the prime factors of s.
211
Let a(i) = -7*i**3 + 2*i**2 + 3*i - 159. What are the prime factors of a(-8)?
3529
Let a(k) = k**3 + 16*k**2 + 8*k - 10. Let p be a(-6). Suppose 2*z - 134 = p. What are the prime factors of z?
2, 109
Let o(u) be the first derivative of u**2 + 46*u - 3. Let j(m) = 2*m - 62. Let s be j(21). What are the prime factors of o(s)?
2, 3
Let v(x) = 2*x**3 + 20*x**2 - 3*x - 27. Let i(j) = -j**2 + 4*j + 4. Let r be i(6). List the prime factors of v(r).
11, 23
Suppose 2*o = -6 + 18, -3*x + 2*o = -22833. List the prime factors of x.
5, 1523
Suppose 491*i - 488*i - 27 = 0. Suppose -i*u = -165 - 1122. List the prime factors of u.
11, 13
Suppose -25*q + 23*q = -52. Let n = -24 + q. What are the prime factors of ((50/15)/(-5))/(n/(-210))?
2, 5, 7
Let d(b) = -4*b. Let u be -6 + 0 + (5 - 4). Let n be d(u). Suppose -36 = -23*a + n*a. What are the prime factors of a?
2, 3
Suppose -7553*i + 7550*i + 1552 = -7007. List the prime factors of i.
3, 317
Let p(s) = -15*s**3 + 4*s + 3. Let c be p(-1). Suppose 0 = -6*q + c*q + 24. List the prime factors of (-308)/q + 2/(-3).
2, 3, 17
Suppose -2*p - 2 = -4, a = 5*p - 15. Let o = a + 26. Suppose -d + o + 75 = 0. List the prime factors of d.
7, 13
Suppose 5*y = -4*z + 743, z - 5*y - 132 = 60. Let w = z - 97. List the prime factors of w.
2, 3, 5
Let d = -515 - -530. Let a(y) = 31*y - 188. List the prime factors of a(d).
277
What are the prime factors of (279*(-17)/6)/((-2)/60)?
3, 5, 17, 31
Suppose 4*k + 10*c - 5 = 13*c, 20 = 2*k + 2*c. Suppose 0*g + k*g - 2*l - 1673 = 0, -2*g + 678 = -3*l. What are the prime factors of g?
3, 37
Suppose 21*o - 68 = 4*o. Suppose -2*d + 608 = -o*g, 2*d + 4*g - 587 = g. List the prime factors of d.
2, 149
Let t = -10826 + 42673. What are the prime factors of t?
31847
Suppose 13*y = 43 - 17. Suppose -444 = -2*v - 2*l, -y*v + 4*l - 664 = -5*v. List the prime factors of v.
2, 7
Suppose -3*p + 4*p = 4. Suppose p*j - 1352 = -204. What are the prime factors of j?
7, 41
Let a(b) = -9*b**2 - 10*b - 4. Let n be a(5). List the prime factors of ((-161)/21 - -6)*n.
3,